9.
13, 19, 367
What are the prime factors of 6668?
2, 1667
What are the prime factors of 714?
2, 3, 7, 17
List the prime factors of 13529.
83, 163
What are the prime factors of 981?
3, 109
What are the prime factors of 126125?
5, 1009
What are the prime factors of 1457?
31, 47
List the prime factors of 6348.
2, 3, 23
List the prime factors of 89668.
2, 29, 773
What are the prime factors of 1168?
2, 73
What are the prime factors of 1449?
3, 7, 23
List the prime factors of 21934.
2, 11, 997
What are the prime factors of 26492?
2, 37, 179
List the prime factors of 9731.
37, 263
What are the prime factors of 55631?
55631
What are the prime factors of 3769?
3769
What are the prime factors of 168136?
2, 21017
List the prime factors of 484.
2, 11
List the prime factors of 13897.
13, 1069
What are the prime factors of 4201?
4201
List the prime factors of 49363.
49363
What are the prime factors of 51208?
2, 37, 173
List the prime factors of 8990.
2, 5, 29, 31
What are the prime factors of 2929?
29, 101
What are the prime factors of 9015?
3, 5, 601
What are the prime factors of 15027?
3, 5009
List the prime factors of 1616.
2, 101
What are the prime factors of 5079?
3, 1693
What are the prime factors of 674?
2, 337
List the prime factors of 519.
3, 173
What are the prime factors of 222?
2, 3, 37
What are the prime factors of 42501?
3, 31, 457
List the prime factors of 1879.
1879
List the prime factors of 80779.
80779
What are the prime factors of 34342?
2, 7, 11, 223
What are the prime factors of 8897?
7, 31, 41
What are the prime factors of 31901?
19, 23, 73
What are the prime factors of 1458?
2, 3
What are the prime factors of 38401?
11, 3491
What are the prime factors of 10302?
2, 3, 17, 101
List the prime factors of 24084.
2, 3, 223
What are the prime factors of 38884?
2, 9721
List the prime factors of 647.
647
List the prime factors of 111351.
3, 37117
List the prime factors of 329.
7, 47
List the prime factors of 477.
3, 53
What are the prime factors of 32002?
2, 16001
What are the prime factors of 5642?
2, 7, 13, 31
What are the prime factors of 715?
5, 11, 13
List the prime factors of 26344.
2, 37, 89
List the prime factors of 1605.
3, 5, 107
List the prime factors of 4492.
2, 1123
List the prime factors of 19592.
2, 31, 79
What are the prime factors of 1002?
2, 3, 167
List the prime factors of 5798.
2, 13, 223
List the prime factors of 66503.
73, 911
What are the prime factors of 2890?
2, 5, 17
What are the prime factors of 34857?
3, 1291
What are the prime factors of 8039?
8039
List the prime factors of 42071.
42071
What are the prime factors of 218?
2, 109
List the prime factors of 50685.
3, 5, 31, 109
What are the prime factors of 4377?
3, 1459
List the prime factors of 8464.
2, 23
List the prime factors of 15915.
3, 5, 1061
List the prime factors of 2524.
2, 631
What are the prime factors of 1593?
3, 59
What are the prime factors of 1588?
2, 397
What are the prime factors of 2195?
5, 439
List the prime factors of 587.
587
What are the prime factors of 51389?
13, 59, 67
What are the prime factors of 2638?
2, 1319
What are the prime factors of 623?
7, 89
What are the prime factors of 2365?
5, 11, 43
List the prime factors of 42989.
42989
List the prime factors of 189783.
3, 11, 71
What are the prime factors of 5698?
2, 7, 11, 37
List the prime factors of 7803.
3, 17
What are the prime factors of 29913?
3, 13, 59
What are the prime factors of 1422?
2, 3, 79
What are the prime factors of 731?
17, 43
List the prime factors of 460.
2, 5, 23
List the prime factors of 1487.
1487
List the prime factors of 7935.
3, 5, 23
List the prime factors of 900.
2, 3, 5
What are the prime factors of 22529?
13, 1733
List the prime factors of 64549.
17, 3797
What are the prime factors of 1895?
5, 379
List the prime factors of 1560.
2, 3, 5, 13
List the prime factors of 846.
2, 3, 47
List the prime factors of 88067.
7, 23, 547
What are the prime factors of 10466?
2, 5233
List the prime factors of 440.
2, 5, 11
List the prime factors of 36482.
2, 17, 29, 37
List the prime factors of 831.
3, 277
List the prime factors of 22406.
2, 17, 659
List the prime factors of 2477.
2477
List the prime factors of 1402.
2, 701
What are the prime factors of 10760?
2, 5, 269
What are the prime factors of 82?
2, 41
List the prime factors of 9900.
2, 3, 5, 11
What are the prime factors of 1758?
2, 3, 293
What are the prime factors of 4969?
4969
What are the prime factors of 615?
3, 5, 41
List the prime factors of 1212.
2, 3, 101
What are the prime factors of 1232?
2, 7, 11
What are the prime factors of 45144?
2, 3, 11, 19
List the prime factors of 5400.
2, 3, 5
List the prime factors of 1535.
5, 307
What are the prime factors of 81930?
2, 3, 5, 2731
List the prime factors of 175.
5, 7
What are the prime factors of 80235?
3, 5, 1783
List the prime factors of 27229.
73, 373
What are the prime factors of 824?
2, 103
List the prime factors of 93260.
2, 5, 4663
List the prime factors of 42893.
59, 727
List the prime factors of 1350.
2, 3, 5
List the prime factors of 208.
2, 13
What are the prime factors of 2249?
13, 173
List the prime factors of 2372.
2, 593
What are the prime factors of 19?
19
List the prime factors of 13060.
2, 5, 653
List the prime factors of 13585.
5, 11, 13, 19
What are the prime factors of 60964?
2, 15241
List the prime factors of 1112.
2, 139
List the prime factors of 2296.
2, 7, 41
What are the prime factors of 5202?
2, 3, 17
What are the prime factors of 507?
3, 13
What are the prime factors of 75519?
3, 2797
What are the prime factors of 9128?
2, 7, 163
List the prime factors of 17476.
2, 17, 257
What are the prime factors of 830?
2, 5, 83
List the prime factors of 51852.
2, 3, 29, 149
List the prime factors of 1427.
1427
What are the prime factors of 1375?
5, 11
What are the prime factors of 1854?
2, 3, 103
List the prime factors of 2256.
2, 3, 47
What are the prime factors of 617?
617
What are the prime factors of 4114?
2, 11, 17
What are the prime factors of 380?
2, 5, 19
List the prime factors of 78836.
2, 19709
List the prime factors of 30215.
5, 6043
List the prime factors of 45546.
2, 3, 7591
List the prime factors of 26881.
26881
What are the prime factors of 555?
3, 5, 37
List the prime factors of 1977.
3, 659
List the prime factors of 797.
797
What are the prime factors of 3269?
7, 467
What are the prime factors of 34484?
2, 37, 233
What are the prime factors of 47656?
2, 7, 23, 37
List the prime factors of 10533.
3, 3511
List the prime factors of 3416.
2, 7, 61
What are the prime factors of 104?
2, 13
List the prime factors of 2559.
3, 853
What are the prime factors of 27208?
2, 19, 179
What are the prime factors of 119937?
3, 39979
What are the prime factors of 54276?
2, 3, 4523
What are the prime factors of 10434?
2, 3, 37, 47
List the prime factors of 738.
2, 3, 41
What are the prime factors of 105065?
5, 21013
What are the prime factors of 46807?
46807
What are the prime factors of 56201?
43, 1307
What are the prime factors of 22491?
3, 7, 17
List the prime factors of 23463.
3, 11, 79
What are the prime factors of 3859?
17, 227
What are the prime factors of 164?
2, 41
List the prime factors of 1465.
5, 293
What are the prime factors of 27129?
3, 9043
What are the prime factors of 2401?
7
List the prime factors of 93152.
2, 41, 71
What are the prime factors of 35304?
2, 3, 1471
What are the prime factors of 5389?
17, 317
List the prime factors of 663.
3, 13, 17
What are the prime factors of 570?
2, 3, 5, 19
What are the prime factors of 348?
2, 3, 29
What are the prime factors of 475?
5, 19
What are the prime factors of 40906?
2, 113, 181
List the prime factors of 1152.
2, 3
List the prime factors of 8321.
53, 157
What are the prime factors of 6400?
2, 5
What are the prime factors of 980?
2, 5, 7
What are the prime factors of 667?
23, 29
List the prime factors of 5025.
3, 5, 67
List the prime factors of 955.
5, 191
What are the prime factors of 1853?
17, 109
List the prime factors of 21.
3, 7
List the prime factors of 5793.
3, 1931
List the prime factors of 70.
2, 5, 7
What are the prime factors of 5162?
2, 29, 89
List the prime factors of 35328.
2, 3, 23
What are the prime factors of 2656?
2, 83
What are the prime factors of 23223?
3, 7741
Li